- -49)) + -27.
-31
Evaluate -22 - (-12 + -16 - -12 - -12).
-18
Evaluate -29 - ((-11 - -9) + -17).
-10
What is the value of (-3 + 1 + 12 - (-73 - -71)) + 25?
37
Calculate -1 + -5 + 14 - (6 - 13).
15
What is the value of 11 - (21 - -2 - 7)?
-5
What is the value of (-1 - (7 + -2) - (5 + -15)) + 9?
13
-9 + -1 + 16 - -5 - 13
-2
What is 0 + 11 + (-18 - -22 - (-5 - -9))?
11
What is -159 + 162 + (2 - (12 - 0))?
-7
Evaluate -2 + (4 - (-5 + 6 - 9)).
10
What is the value of (4 - 27) + 11 + 15 + (-11 - -2)?
-6
What is -60 + 54 + 1 + -8 - -27?
14
Calculate -1 + 7 - (-9 + -2 - (-41 - -44)).
20
Evaluate (-6 - ((-6 - -3) + -5)) + (2 - -2).
6
Evaluate -6 + (4 - -5) - -4.
7
What is -19 - -33 - 7 - 7?
0
What is the value of 9 - 1 - ((-5 - (10 + -19)) + -1)?
5
What is the value of (-2 - -7) + 6 - (0 + -1)?
12
(-5 - -16) + 79 + -102
-12
Evaluate (-5 - 0) + (-20 - -30) - (1 - -20).
-16
Evaluate 23 + -18 + 15 - -14.
34
What is -8 - (-25 + 3 + 30)?
-16
Calculate -44 - ((145 - 134) + (-1 - 28)).
-26
What is the value of (21 + -34 - -12) + (0 - 25)?
-26
Evaluate 20 + -18 + (-5 + -10 - -2).
-11
What is the value of -19 + 23 + -3 - (-4 - 0)?
5
Evaluate (-9 - -21) + (8 - -4) + 3.
27
What is 7 - (30 - (14 - -24))?
15
(-137 - -132) + (-5 - 1)
-11
-6 + 0 + (-12 - -18)
0
Evaluate 176 + -168 + (-4 - (5 + (1 - 4))).
2
Evaluate -2 + (3 - 4) - 0 - (419 + -423).
1
What is the value of -8 - (-9 - (21 - 20))?
2
Calculate (5 - (-7 + 8)) + 27 + -6.
25
What is 3 - ((12 - -1 - -6) + (0 - 4))?
-12
Calculate (15 + -37 - -13) + 3.
-6
What is the value of -4 + -2 + 0 + -8 + 4?
-10
What is -4 + 6 + (5 - 10) + (0 - 5)?
-8
Calculate (25 - 43) + (0 - -13).
-5
Calculate -16 + 1 + -1 + -1 + 9.
-8
Calculate (-3 - (9 - 5)) + 22 + 0 + -9.
6
Calculate (16 - (-16 + 23)) + 3.
12
(2 - (-5 - -6)) + -7
-6
Evaluate (4 + -8 - -11) + 3 + -15.
-5
What is the value of -20 - (10 - 32) - (-13 + 7 + -3)?
11
What is -17 + 3 - (-401 - -413)?
-26
Evaluate 17 + -18 - (-17 - -1).
15
What is the value of (19 - (-1 - -14)) + (1 - -2)?
9
What is 6 - (26 + 19 - 18)?
-21
What is (-9 - -17 - (1 + -4)) + 4 + 3?
18
What is the value of (-11 - 15) + (-6 - -18)?
-14
Calculate 2 - ((29 - 14) + -10).
-3
Calculate 65 - 56 - (2 + 3).
4
What is 4 + (5 - (-8 - -18) - 13)?
-14
Evaluate -8 + (17 - 11 - -18) + -17.
-1
-3 - (5 + -2 + (-9 - -7)) - 7
-11
Calculate (956 - 936) + (0 - 36).
-16
Evaluate (-4 - -42) + -33 - 39.
-34
What is 26 + -32 + 14 + 2?
10
What is -2 + 4 + 4 + 5 - -10?
21
What is the value of 55 + -14 - (39 + -9)?
11
Calculate -15 + (2 - -12) + 12.
11
Calculate -14 + 9 + 3 - -5.
3
Calculate (-4 - -5) + 1 + (22 - 26).
-2
What is 0 - 3 - (787 - 822)?
32
What is the value of 6 - ((-1 - -3) + 14 + -20 + 11)?
-1
Calculate 2 - (33 + -39 + (0 - -11)).
-3
-3 + (-5 - -21) + (21 - (7 + 5))
22
-6 + -2 + 2 + (13 - -4) + -4
7
What is -11 + (-3 - -3) - ((-10 - -6) + 0)?
-7
What is the value of 7 - (-8 - (-4 + -5 + (6 - 0)))?
12
What is the value of 7 + (6 - -1) - (-9 - -6)?
17
What is the value of 2 + 7 - 5 - (5 + -4 - -6)?
-3
What is 2 - -2 - (2 - (-1 - 11) - 3)?
-7
What is 3 + 3 + (-19 - (-6 - (-8 - -2)))?
-13
What is the value of (3 - 0) + (38 + -25 - -3) + -22?
-3
Calculate (-5 - -41) + -35 + -4 + 0.
-3
Evaluate (-3 - (-1 + -4)) + -13 + 29.
18
Calculate 0 + -14 - (35 + -48).
-1
Evaluate -17 + -12 + -12 + 37 + (0 - -19).
15
Calculate 35 - ((-6 - -4) + 27).
10
-2 + 4 + -9 + (-44 - -63)
12
What is 1 - (30 + -38 - -11)?
-2
Evaluate (-10 - (-33 - -10)) + 0 + 5.
18
What is the value of (-5 - -3) + 8 - (13 - (0 - -1))?
-6
Calculate (145 - 137 - (21 - -1)) + 9.
-5
Evaluate 33 - (4 + -1 + 133 + -142 - -13).
26
Calculate 8 + 17 + -27 - (0 - -2 - 0).
-4
1 - 12 - (-14 - (3 + -8))
-2
Calculate (-8 - (5 + 4 + 2)) + 4.
-15
What is the value of 1 - 42 - (-1623 + 1605)?
-23
What is 11 - (-81 - -60 - (1 - 1))?
32
What is (3 - -4) + 9 + -6 + -42 + 0?
-32
-23 - -14 - 12 - -16
-5
What is the value of 2 - (2 + (7 - (-13 + 28)))?
8
What is the value of 4 + (-10 - (-21 + 15) - 5)?
-5
Evaluate (2 + -7 - -9) + (4 - (-2 + 27)).
-17
What is the value of 25 - 74 - (-31 + 6)?
-24
Evaluate 8 + 10 + -21 - (-1 - -1).
-3
What is (-6 - 12) + (-4 - (3 + -12 + 0))?
-13
What is 15 + -14 - (-2 + -3 - -3)?
3
14 + -6 + (6 - 17) - -1
-2
10 - 5 - (-12 - (-1 + -3))
13
What is 9 + (9 - (39 - (17 - 8 - 8)))?
-20
4 + (0 - -1) - (-38 + 114 + -40)
-31
Calculate 11 + -20 + 17 + -1.
7
What is 17 - (-28 + -24 + 35)?
34
Calculate -4 + (4 - (-15 + 23)).
-8
What is (-8 - (-3 - (-7 + 5))) + -3?
-10
Calculate 14 - (-33 + 9 - -31).
7
What is -10 + 26 + (-15 - -12)?
13
-19 + (-71 - -35 - -54)
-1
Evaluate 15 - (3 - (2 - 0)) - (-486 + 479).
21
Calculate (0 - (-10 + (3 - 2))) + -19.
-10
Evaluate -9 + (-35 - -18 - -24).
-2
What is the value of (-1 - -2) + -30 + 33 + (1 - 20)?
-15
What is -3 + 3 + -1 + (-34 - -24)?
-11
Calculate 33 - (27 + (-13 - -8)).
11
What is the value of (-2 + -1 - (95 - 94)) + 8?
4
What is 20 - 7 - (43 - 14)?
-16
Evaluate -47 + 62 - (5 - (-3 + 4 + 1)).
12
What is the value of 9 + 1 + (9 - 14) - 10?
-5
What is -45 + 12 - (-1 + -18)?
-14
Evaluate (726 - 709) + -1 + -10.
6
What is (-21 - (0 - 15)) + -9?
-15
What is 3 - 24 - (64 - 67)?
-18
-31 + 37 + (-1 - -5)
10
What is 5 + -5 - (3 + -8) - (0 - 5)?
10
Calculate (81 - 42) + (7 - 14).
32
Evaluate -4 - 12 - (-59 + 38).
5
What is (-1 - 0 - (82 + -68)) + -2?
-17
What is the value of 8 + (5 - -5) + -46 + -5 + 8?
-25
Calculate -2 + (1 - (-10 - 2)) - 26.
-15
Calculate -18 - 3 - -28 - 15.
-8
Calculate -10 + -16 + 19 - (0 + -18).
11
Calculate (-15 + -25 - -30) + -3.
-13
What is the value of -20 + 12 - (-2 + 1 + 0 + 1)?
-8
Calculate (-16 - (-4 + (1 - 2))) + 0 + -1.
-12
Evaluate 4 - -2 - (-18 - (-2 + -9) - -7).
6
Calculate (658 - 686) + 0 + 0.
-28
Evaluate 1 + -1 - (-7 + -11 + (5 - -9)).
4
Evaluate (43 - 17 - 27) + -17.
-18
Evaluate -12 + 2 - (-13 - (2 + -15 + 14)).
4
Calculate -3 + -1 + (4 - -4) - (-60 - -58).
6
What is the value of (3 - (-3 - 2)) + 3 + -9 + 3?
5
-19 + (0 - -3) + 266 + -274
-24
What is the value of (-15 - 8) + 19 + (-23 - -2)?
-25
What is the value of 3 - (8 - (-13 + 20) - 3)?
5
Evaluate (16 - (23 - 12) - (-3 - -4)) + 1.
5
Evaluate (-9 - -1) + 6 + -2 - -5 - 4.
-3
Evaluate -12 + (8 - (-9 + 6)) + 14.
13
What is the value of (-9 - (41 - 23)) + 23 + 1 + 0?
-3
Evaluate 4 - (1 - 28) - 62.
-31
38 + -26 + -12 - (2 + -26)
24
3 + -2 - (-23 - -14 - (-7 + 1))
4
Calculate -5 - (17 + -6 - 0).
-16
Evaluate (-2 - (11 + 8) - -10) + (2 - 3).
-12
Evaluate 5 - (-2 + 6) - -2 - 39 - -1.
-35
Evaluate -11 + -51 + 31 - -12.
-19
Calculate (-8 - (4 + 4 + -19)) + -19 + -1.
-17
-22 - (4 + -1 + -33)
8
-16 + 0 - (-31 + 26)
-11
What is (-2 - 1) + (13 - (6 - 6)) - 24?
-14
Calculate (-38 - (7 + -48)) + (-14 + -2 - 1).
-14
Calculate (-6 - (-9 - -1)) + -5 + -6 - -1.
-8
Calculate 30 + (-52 + 32 - -15).
25
Calculate 12 + (-28 - (2 + -15)).
-3
Evaluate -5 - -1 - 0 - (55 + -110 + 61).
-10
Evaluate 13 + -1 + -29 - -12.
-5
What is the value of (13 - (5 + (-3 - -4))) + -7 - -2?
2
Calculate 2 + -2 + -4 + 0 - (1 + -7).
2
What is 12 - (0 + -7 + 18 - (7 - -1))?
9
What is 23 + -54 + 3 - -19?
-9
What is (15 - (-1 - -12) - (1 + -4)) + 0?
7
-2 + 1 + -1 + -2 + -29 - -10
-23
Calculate 27 + -27 + 25 + 1 + -10.
16
What is the value of -38 - (-2 - -1 - (-3 - -6))?
-34
Calculate -12 - -19 - (-19 - -27).
-1
Evaluate -11 + (-7 - (21 - (9 - -3))).
-27
What is 0 - 12 - (-26 + 10 + -6)?
10
What is 116 - 97 - (2 - (2 + -1))?
18
What is 8 - 3 - 0 - (3 + 8 - 2)?
-4
(0 - -6) + (9 - 14 - (0 + -1))
2
Calculate 23 - (22 - (0 + 14)).
15
(1 - -9) + -5 + -1 + -16
-12
Calculate (-1498 - -1496) + 1 + -18.
-19
What is 5 - (-7 + (0 - -6)) - (-3 - -7)?
2
Calculate 2 + 5 + 6 + -66 + 18.
-35
What is the value of 10 + -8 + (5 - 5 - -1) - -17?
20
Calculate 11 - 7 - (-15 + 6 - -17).
-4
Calculate 9 + -32 + 6 + 6 - (1 - 4).
-8
Evaluate -39 + -3 + -19 + 35.
-26
2 + -2 + -10 - (43 - 47)
-6
What is the value of -21 - 2 - (-56 - (-108 + 52))?
-23
-11 - (-11 - (-6 + (14 - 8)))
0
Evaluate 739 + -779 + (4 - 2 - (-1 + -4)).
-33
Evaluate (1 - 5) + (4 - (18 + -5) - -5).
-8
-12 + 2 + (25 - (6 - -10))
-1
Calculate (20 - (13 + 0 + 0)) + -21 + -2.
-16
16 + (3 - -20) + -50
-11
Evaluate -11 - -5 - (15 - 16 - (5 + 1)).
1
Calculate (4 - 7) + (0 - -2 - 2) - -20.
17
What is (31 - 3) + (22 - 36) + 3?
17
What is 9 - 22